{"id":152,"date":"2024-08-04T14:57:14","date_gmt":"2024-08-04T14:57:14","guid":{"rendered":"https:\/\/dospalabras.es\/danke-kontakt\/"},"modified":"2024-09-05T06:49:50","modified_gmt":"2024-09-05T06:49:50","slug":"danke-kontakt","status":"publish","type":"page","link":"https:\/\/dospalabras.es\/de\/danke-kontakt\/","title":{"rendered":"Danke, Kontakt"},"content":{"rendered":"\n<div class=\"wp-block-group\" style=\"padding-top:var(--wp--preset--spacing--huge);padding-bottom:var(--wp--preset--spacing--huge)\"><div class=\"wp-block-group__inner-container is-layout-constrained wp-block-group-is-layout-constrained\"><div\n\tclass=\"dospalabras-text wp-block-dospalabras-text\" id=\"block_a11a0b2263f499118bd3898e593c0fe1\">\n\t<h1 style=\"text-align: center\">Anfrage erhalten<\/h1>\n<p style=\"text-align: center\">Vielen Dank f\u00fcr Ihre Nachricht. Sie wurde abgeschickt.<\/p>\n<\/div>\n\t<\/div><\/div>\n","protected":false},"excerpt":{"rendered":"","protected":false},"author":1,"featured_media":0,"parent":0,"menu_order":0,"comment_status":"closed","ping_status":"closed","template":"","meta":{"_acf_changed":false,"inline_featured_image":false,"footnotes":""},"class_list":["post-152","page","type-page","status-publish","hentry"],"acf":[],"yoast_head":"<!-- This site is optimized with the Yoast SEO plugin v23.6 - https:\/\/yoast.com\/wordpress\/plugins\/seo\/ -->\n<title>Danke, Kontakt - Dos palabras<\/title>\n<meta name=\"description\" content=\"Un servicio profesional de traducci\u00f3n en castellano y alem\u00e1n con m\u00e1s de 40 a\u00f1os de experiencia.\" \/>\n<meta name=\"robots\" content=\"index, follow, max-snippet:-1, max-image-preview:large, max-video-preview:-1\" \/>\n<link rel=\"canonical\" href=\"https:\/\/dospalabras.es\/de\/danke-kontakt\/\" \/>\n<meta property=\"og:locale\" content=\"de_DE\" \/>\n<meta property=\"og:type\" content=\"article\" \/>\n<meta property=\"og:title\" content=\"Danke, Kontakt - Dos palabras\" \/>\n<meta property=\"og:description\" content=\"Un servicio profesional de traducci\u00f3n en castellano y alem\u00e1n con m\u00e1s de 40 a\u00f1os de experiencia.\" \/>\n<meta property=\"og:url\" content=\"https:\/\/dospalabras.es\/de\/danke-kontakt\/\" \/>\n<meta property=\"og:site_name\" content=\"Dos palabras\" \/>\n<meta property=\"article:modified_time\" content=\"2024-09-05T06:49:50+00:00\" \/>\n<meta name=\"twitter:card\" content=\"summary_large_image\" \/>\n<script type=\"application\/ld+json\" class=\"yoast-schema-graph\">{\"@context\":\"https:\/\/schema.org\",\"@graph\":[{\"@type\":\"WebPage\",\"@id\":\"https:\/\/dospalabras.es\/de\/danke-kontakt\/\",\"url\":\"https:\/\/dospalabras.es\/de\/danke-kontakt\/\",\"name\":\"Danke, Kontakt - Dos palabras\",\"isPartOf\":{\"@id\":\"https:\/\/dospalabras.es\/#website\"},\"datePublished\":\"2024-08-04T14:57:14+00:00\",\"dateModified\":\"2024-09-05T06:49:50+00:00\",\"description\":\"Un servicio profesional de traducci\u00f3n en castellano y alem\u00e1n con m\u00e1s de 40 a\u00f1os de experiencia.\",\"breadcrumb\":{\"@id\":\"https:\/\/dospalabras.es\/de\/danke-kontakt\/#breadcrumb\"},\"inLanguage\":\"de\",\"potentialAction\":[{\"@type\":\"ReadAction\",\"target\":[\"https:\/\/dospalabras.es\/de\/danke-kontakt\/\"]}]},{\"@type\":\"BreadcrumbList\",\"@id\":\"https:\/\/dospalabras.es\/de\/danke-kontakt\/#breadcrumb\",\"itemListElement\":[{\"@type\":\"ListItem\",\"position\":1,\"name\":\"Portada\",\"item\":\"https:\/\/dospalabras.es\/de\/\"},{\"@type\":\"ListItem\",\"position\":2,\"name\":\"Danke, Kontakt\"}]},{\"@type\":\"WebSite\",\"@id\":\"https:\/\/dospalabras.es\/#website\",\"url\":\"https:\/\/dospalabras.es\/\",\"name\":\"Dos palabras\",\"description\":\"Un servicio profesional de traducci\u00f3n en castellano y alem\u00e1n con m\u00e1s de 40 a\u00f1os de experiencia.\",\"publisher\":{\"@id\":\"https:\/\/dospalabras.es\/#organization\"},\"alternateName\":\"Dos palabras\",\"potentialAction\":[{\"@type\":\"SearchAction\",\"target\":{\"@type\":\"EntryPoint\",\"urlTemplate\":\"https:\/\/dospalabras.es\/?s={search_term_string}\"},\"query-input\":{\"@type\":\"PropertyValueSpecification\",\"valueRequired\":true,\"valueName\":\"search_term_string\"}}],\"inLanguage\":\"de\"},{\"@type\":\"Organization\",\"@id\":\"https:\/\/dospalabras.es\/#organization\",\"name\":\"Dos palabras\",\"url\":\"https:\/\/dospalabras.es\/\",\"logo\":{\"@type\":\"ImageObject\",\"inLanguage\":\"de\",\"@id\":\"https:\/\/dospalabras.es\/#\/schema\/logo\/image\/\",\"url\":\"https:\/\/dospalabras.es\/wp-content\/uploads\/2024\/08\/dospalabras-footer-logo.svg\",\"contentUrl\":\"https:\/\/dospalabras.es\/wp-content\/uploads\/2024\/08\/dospalabras-footer-logo.svg\",\"width\":174,\"height\":33,\"caption\":\"Dos palabras\"},\"image\":{\"@id\":\"https:\/\/dospalabras.es\/#\/schema\/logo\/image\/\"},\"sameAs\":[\"https:\/\/www.linkedin.com\/in\/miguel-nez-ferrer-91260317\/\"]}]}<\/script>\n<!-- \/ Yoast SEO plugin. -->","yoast_head_json":{"title":"Danke, Kontakt - Dos palabras","description":"Un servicio profesional de traducci\u00f3n en castellano y alem\u00e1n con m\u00e1s de 40 a\u00f1os de experiencia.","robots":{"index":"index","follow":"follow","max-snippet":"max-snippet:-1","max-image-preview":"max-image-preview:large","max-video-preview":"max-video-preview:-1"},"canonical":"https:\/\/dospalabras.es\/de\/danke-kontakt\/","og_locale":"de_DE","og_type":"article","og_title":"Danke, Kontakt - Dos palabras","og_description":"Un servicio profesional de traducci\u00f3n en castellano y alem\u00e1n con m\u00e1s de 40 a\u00f1os de experiencia.","og_url":"https:\/\/dospalabras.es\/de\/danke-kontakt\/","og_site_name":"Dos palabras","article_modified_time":"2024-09-05T06:49:50+00:00","twitter_card":"summary_large_image","schema":{"@context":"https:\/\/schema.org","@graph":[{"@type":"WebPage","@id":"https:\/\/dospalabras.es\/de\/danke-kontakt\/","url":"https:\/\/dospalabras.es\/de\/danke-kontakt\/","name":"Danke, Kontakt - Dos palabras","isPartOf":{"@id":"https:\/\/dospalabras.es\/#website"},"datePublished":"2024-08-04T14:57:14+00:00","dateModified":"2024-09-05T06:49:50+00:00","description":"Un servicio profesional de traducci\u00f3n en castellano y alem\u00e1n con m\u00e1s de 40 a\u00f1os de experiencia.","breadcrumb":{"@id":"https:\/\/dospalabras.es\/de\/danke-kontakt\/#breadcrumb"},"inLanguage":"de","potentialAction":[{"@type":"ReadAction","target":["https:\/\/dospalabras.es\/de\/danke-kontakt\/"]}]},{"@type":"BreadcrumbList","@id":"https:\/\/dospalabras.es\/de\/danke-kontakt\/#breadcrumb","itemListElement":[{"@type":"ListItem","position":1,"name":"Portada","item":"https:\/\/dospalabras.es\/de\/"},{"@type":"ListItem","position":2,"name":"Danke, Kontakt"}]},{"@type":"WebSite","@id":"https:\/\/dospalabras.es\/#website","url":"https:\/\/dospalabras.es\/","name":"Dos palabras","description":"Un servicio profesional de traducci\u00f3n en castellano y alem\u00e1n con m\u00e1s de 40 a\u00f1os de experiencia.","publisher":{"@id":"https:\/\/dospalabras.es\/#organization"},"alternateName":"Dos palabras","potentialAction":[{"@type":"SearchAction","target":{"@type":"EntryPoint","urlTemplate":"https:\/\/dospalabras.es\/?s={search_term_string}"},"query-input":{"@type":"PropertyValueSpecification","valueRequired":true,"valueName":"search_term_string"}}],"inLanguage":"de"},{"@type":"Organization","@id":"https:\/\/dospalabras.es\/#organization","name":"Dos palabras","url":"https:\/\/dospalabras.es\/","logo":{"@type":"ImageObject","inLanguage":"de","@id":"https:\/\/dospalabras.es\/#\/schema\/logo\/image\/","url":"https:\/\/dospalabras.es\/wp-content\/uploads\/2024\/08\/dospalabras-footer-logo.svg","contentUrl":"https:\/\/dospalabras.es\/wp-content\/uploads\/2024\/08\/dospalabras-footer-logo.svg","width":174,"height":33,"caption":"Dos palabras"},"image":{"@id":"https:\/\/dospalabras.es\/#\/schema\/logo\/image\/"},"sameAs":["https:\/\/www.linkedin.com\/in\/miguel-nez-ferrer-91260317\/"]}]}},"_links":{"self":[{"href":"https:\/\/dospalabras.es\/de\/wp-json\/wp\/v2\/pages\/152","targetHints":{"allow":["GET"]}}],"collection":[{"href":"https:\/\/dospalabras.es\/de\/wp-json\/wp\/v2\/pages"}],"about":[{"href":"https:\/\/dospalabras.es\/de\/wp-json\/wp\/v2\/types\/page"}],"author":[{"embeddable":true,"href":"https:\/\/dospalabras.es\/de\/wp-json\/wp\/v2\/users\/1"}],"replies":[{"embeddable":true,"href":"https:\/\/dospalabras.es\/de\/wp-json\/wp\/v2\/comments?post=152"}],"version-history":[{"count":4,"href":"https:\/\/dospalabras.es\/de\/wp-json\/wp\/v2\/pages\/152\/revisions"}],"predecessor-version":[{"id":198,"href":"https:\/\/dospalabras.es\/de\/wp-json\/wp\/v2\/pages\/152\/revisions\/198"}],"wp:attachment":[{"href":"https:\/\/dospalabras.es\/de\/wp-json\/wp\/v2\/media?parent=152"}],"curies":[{"name":"wp","href":"https:\/\/api.w.org\/{rel}","templated":true}]}}

<div class="wp-block-group" style="padding-top:var(--wp--preset--spacing--huge);padding-bottom:var(--wp--preset--spacing--huge)"><div class="wp-block-group__inner-container is-layout-constrained wp-block-group-is-layout-constrained"><div
	class="dospalabras-text wp-block-dospalabras-text" id="block_a11a0b2263f499118bd3898e593c0fe1">
	<h1 style="text-align: center">Anfrage erhalten</h1>
<p style="text-align: center">Vielen Dank für Ihre Nachricht. Sie wurde abgeschickt.</p>
</div>
	</div></div>

<!-- This site is optimized with the Yoast SEO plugin v23.6 - https://yoast.com/wordpress/plugins/seo/ -->
<title>Danke, Kontakt - Dos palabras</title>
<meta name="description" content="Un servicio profesional de traducción en castellano y alemán con más de 40 años de experiencia." />
<meta name="robots" content="index, follow, max-snippet:-1, max-image-preview:large, max-video-preview:-1" />
<link rel="canonical" href="https://dospalabras.es/de/danke-kontakt/" />
<meta property="og:locale" content="de_DE" />
<meta property="og:type" content="article" />
<meta property="og:title" content="Danke, Kontakt - Dos palabras" />
<meta property="og:description" content="Un servicio profesional de traducción en castellano y alemán con más de 40 años de experiencia." />
<meta property="og:url" content="https://dospalabras.es/de/danke-kontakt/" />
<meta property="og:site_name" content="Dos palabras" />
<meta property="article:modified_time" content="2024-09-05T06:49:50+00:00" />
<meta name="twitter:card" content="summary_large_image" />
<script type="application/ld+json" class="yoast-schema-graph">{"@context":"https://schema.org","@graph":[{"@type":"WebPage","@id":"https://dospalabras.es/de/danke-kontakt/","url":"https://dospalabras.es/de/danke-kontakt/","name":"Danke, Kontakt - Dos palabras","isPartOf":{"@id":"https://dospalabras.es/#website"},"datePublished":"2024-08-04T14:57:14+00:00","dateModified":"2024-09-05T06:49:50+00:00","description":"Un servicio profesional de traducción en castellano y alemán con más de 40 años de experiencia.","breadcrumb":{"@id":"https://dospalabras.es/de/danke-kontakt/#breadcrumb"},"inLanguage":"de","potentialAction":[{"@type":"ReadAction","target":["https://dospalabras.es/de/danke-kontakt/"]}]},{"@type":"BreadcrumbList","@id":"https://dospalabras.es/de/danke-kontakt/#breadcrumb","itemListElement":[{"@type":"ListItem","position":1,"name":"Portada","item":"https://dospalabras.es/de/"},{"@type":"ListItem","position":2,"name":"Danke, Kontakt"}]},{"@type":"WebSite","@id":"https://dospalabras.es/#website","url":"https://dospalabras.es/","name":"Dos palabras","description":"Un servicio profesional de traducción en castellano y alemán con más de 40 años de experiencia.","publisher":{"@id":"https://dospalabras.es/#organization"},"alternateName":"Dos palabras","potentialAction":[{"@type":"SearchAction","target":{"@type":"EntryPoint","urlTemplate":"https://dospalabras.es/?s={search_term_string}"},"query-input":{"@type":"PropertyValueSpecification","valueRequired":true,"valueName":"search_term_string"}}],"inLanguage":"de"},{"@type":"Organization","@id":"https://dospalabras.es/#organization","name":"Dos palabras","url":"https://dospalabras.es/","logo":{"@type":"ImageObject","inLanguage":"de","@id":"https://dospalabras.es/#/schema/logo/image/","url":"https://dospalabras.es/wp-content/uploads/2024/08/dospalabras-footer-logo.svg","contentUrl":"https://dospalabras.es/wp-content/uploads/2024/08/dospalabras-footer-logo.svg","width":174,"height":33,"caption":"Dos palabras"},"image":{"@id":"https://dospalabras.es/#/schema/logo/image/"},"sameAs":["https://www.linkedin.com/in/miguel-nez-ferrer-91260317/"]}]}</script>
<!-- / Yoast SEO plugin. -->

Un servicio profesional de traducción en castellano y alemán con más de 40 años de experiencia.
